divided by 125.
120
Let z(b) = b**3 + 21*b**2 + 2*b + 101. What is the remainder when z(-21) is divided by 30?
29
Let x(a) = 2*a**3 - a**2 + a + 1. What is the remainder when (-28)/(-8)*(-176)/(-14) is divided by x(2)?
14
Suppose 2 = 2*b - 4. Suppose 3*m - 6 = -b*t, 2 = m - 0*t - 4*t. Suppose -3 = -5*g + m. What is the remainder when 3 is divided by g?
0
Let k = -15 - -13. What is the remainder when 32 is divided by (k + 5/2)/(16/576)?
14
Let u(s) = 4*s + 9. Let g be u(8). Let r = g + -13. Calculate the remainder when r is divided by 15.
13
Suppose 30*s = 27*s - 1338. What is the remainder when (s/3)/(24/(-36)) is divided by 16?
15
Suppose 4*y - 12 = 3*y. Let p = 31 - y. Calculate the remainder when p is divided by 10.
9
Let m be (38/(-6))/(1/12). Let o = -63 - m. Calculate the remainder when 51 is divided by o.
12
Let b(j) = -j**3 - 3*j**2 - 3*j + 2. Suppose -3*t = 0, 793 = 3*i + t - 98. Let m = 300 - i. What is the remainder when b(-3) is divided by m?
2
Let q(m) = 2*m - 12. Let c be q(4). What is the remainder when (c + 8)/(4/94) is divided by 19?
18
Suppose -144*x + 137*x = -168. Let k = 2 - 2. Suppose k*r = -r + 93. What is the remainder when r is divided by x?
21
Suppose -4*w + 20 = 2*y, -4*y + 6 = -3*y - 2*w. Suppose -2*d - y = -22. What is the remainder when (-22)/8*(-3 - (3 + -2)) is divided by d?
4
Suppose -173 = 3*l - 23. Let i = l - -119. What is the remainder when i is divided by 12?
9
Suppose 0 = -9*w + 107*w - 7644. Calculate the remainder when 1013 is divided by w.
77
What is the remainder when 20/2*7/42*33 is divided by 54?
1
Suppose 2*b - 45 = -3*b. Suppose 1 = f - 2. Suppose 3*o + f*d - 72 = 0, -3 = o - 5*d - 39. What is the remainder when o is divided by b?
8
Let w = 130 - -167. What is the remainder when w is divided by 10?
7
Let m(t) = 24*t**2 - 160*t + 15. Calculate the remainder when 635 is divided by m(7).
67
Let j be -1*(2 - (1 - -1)). Suppose 2*k = 3*t - 53, j = t + 4*t + k - 84. Calculate the remainder when t is divided by 4.
1
What is the remainder when 3/3*-1*-197*1 is divided by 25?
22
Suppose -183 = -9*s + 6. Suppose 20*a - 999 = 1081. Calculate the remainder when a is divided by s.
20
Let d(n) = n**3 - 3*n - 4. Suppose s - r - 2 = 0, -14 + 6 = 2*r. Let u be d(s). Calculate the remainder when 4/u - 372/(-18) is divided by 7.
6
Let q(f) be the second derivative of -5/3*f**3 - 4*f + 0 - 1/2*f**2. Calculate the remainder when q(-1) is divided by 6.
3
Suppose 0*h = -2*h + n + 67, -n + 3 = 0. What is the remainder when h is divided by -2 - (3 + -3 + -20)?
17
Let l(c) = -4*c - 6. Let g be l(-10). Suppose q - 11 = g. What is the remainder when q is divided by ((-12)/15)/(1/(-15))?
9
Let q be (-2400)/36 - 2/(-3). Let o = 3 - q. Calculate the remainder when o + -3 + (-2 - -2) is divided by 17.
15
Suppose r = 5*h + 2*r - 36, -30 = -4*h - 2*r. Let u(y) = -y**2 + 9*y + 5. Calculate the remainder when 35 is divided by u(h).
16
Let v = 12 + -3. What is the remainder when v is divided by 36/(-45)*(-3 + 9/(-2))?
3
Let s(l) = l**2 + 28*l + 318. Calculate the remainder when s(-25) is divided by 20.
3
Let f = -76 + 124. Suppose 0 = -16*i + 14*i - y + 22, -4*i = y - 48. Calculate the remainder when f is divided by i.
9
Let c(g) = 11*g + 3. Let k be c(5). Let v = k + -29. Suppose 4*i = -4*i + 456. What is the remainder when i is divided by v?
28
Let a = -485 + 558. What is the remainder when a is divided by -2 - 3/(6/(-80))?
35
Let q be 3 - (129/3 + 2). Let x = q - -90. What is the remainder when 94 is divided by x?
46
Suppose 36 = -3*c - 21. Let j = c + 67. Let x = 71 - j. What is the remainder when 67 is divided by x?
21
Let d(v) = -v**2 - 3*v - 5. Let k be d(-6). Let m = k - -13. Let c = m - -12. Calculate the remainder when c is divided by 1.
0
Let l(q) = -5*q + 3. Calculate the remainder when 167 is divided by l(-5).
27
Suppose 17 = 5*z - 3748. What is the remainder when z is divided by 14?
11
Suppose 4*y = -3*i + 461, -6*y + 11*y - 319 = -2*i. Calculate the remainder when i is divided by 50.
47
Let r(o) = 2*o**2 + 28*o - 29. Calculate the remainder when 187 is divided by r(-17).
41
Let b be (2 + (1 - 4))*878. What is the remainder when b/(-18) - (-6)/27 is divided by 17?
15
Suppose 0 = -3*o + 48 + 54. Let v be -2*((-72)/10)/((-6)/(-20)). Let f = v - o. What is the remainder when 26 is divided by f?
12
Suppose -61 = -3*u - 5*j, 4*j = -6*u + 2*u + 68. Let l(d) = 9*d - 9. Calculate the remainder when l(6) is divided by u.
9
Let j be (20/28 - -1)/(2/35). Let b = 34 - j. What is the remainder when 9 is divided by b?
1
Let u = 15 + -8. Suppose 23 = -4*s + u. Let a(q) = -q - 3. Calculate the remainder when a(s) is divided by 1.
0
Let p = -331 + 202. Let t = -81 - p. Calculate the remainder when t is divided by 17.
14
What is the remainder when 206*33/(-110)*-5 is divided by 85?
54
Let t(v) = v**3 - 4*v**2 - 20*v + 22. What is the remainder when t(7) is divided by 23?
6
Suppose 0 = -4*y - 4*j - 32, -6*j - 4 = -2*y - 3*j. Let l = y - -34. What is the remainder when l is divided by 17?
13
Let r(c) = 2*c**2 - 19*c + 35. Calculate the remainder when r(12) is divided by 42.
11
Suppose -2*h - 5*k = -0*h - 41, 3 = k. Suppose -3*l - 4*u + 0*u = -99, l = -u + 34. Calculate the remainder when l is divided by h.
11
Suppose 33 + 41 = l. Let y(u) = 2*u**2 + 1. Calculate the remainder when l is divided by y(3).
17
Let m(j) = -46*j**3 - j**2 - 2*j - 2. Let l = 3 + 3. Let d = l - -6. What is the remainder when m(-1) is divided by d?
9
What is the remainder when -5 - (-4 + 6 - 176) is divided by 45?
34
Let c = 63 - 60. Suppose -c*s + 88 = 4. What is the remainder when s is divided by 16?
12
Suppose 4*u - 4*z = 2404, -u - 9 + 619 = -4*z. Calculate the remainder when u is divided by 14.
10
Suppose 3*s = 0, t + 102 - 240 = -s. Calculate the remainder when t is divided by 40.
18
Suppose -4*r = 5*n - 190, 2*r + 131 = 3*n + r. Suppose s = -2*s + n. What is the remainder when 39 is divided by s?
11
Suppose -4*w = -2*g - 100, 2*w - 5*g + 6 = 72. Let x(s) = -s**3 + 3*s**2 - 2*s + 7. Calculate the remainder when x(-3) is divided by w.
21
Suppose -6*g + 70 = -g. Suppose 5*u = -5*c + 1445, 4*c + u - 4*u - 1177 = 0. What is the remainder when c/12 - 2/(-3) is divided by g?
11
Let n be 2 + (-11)/7 + (-7140)/196. Calculate the remainder when 28 + 7/9 + (-8)/n is divided by 17.
12
Suppose -5*u - 86 + 36 = 0. Let x(i) = -i**3 - 9*i**2 + 11*i - 14. Let m be x(u). Let f = 20 - m. Calculate the remainder when f is divided by 15.
14
Let s = 6 + -12. Let l(p) be the third derivative of p**5/30 + 7*p**4/24 + 17*p**3/6 - 38*p**2. What is the remainder when l(s) is divided by 16?
15
Let r = -453 + 485. What is the remainder when r is divided by 3?
2
Suppose 4*u - 33 = 55. Let r(g) = 7*g**3 + 2*g**2 - g. What is the remainder when r(2) is divided by u?
18
Let x = 191 - 112. What is the remainder when x is divided by 35?
9
Let t(h) = h + 10. Let q be t(5). Suppose -7*l = -2*l - q. Suppose -l*u - 28 = -70. What is the remainder when 27 is divided by u?
13
Let v(u) = u**2 - u + 577. Calculate the remainder when v(0) is divided by 34.
33
Suppose -3*y + 6 + 27 = 3*p, -4*y = -3*p - 79. Suppose -2*i - 130 = 4*o - 7*o, 2*i + 222 = 5*o. What is the remainder when o is divided by y?
14
Suppose 3*a + a + 16 = -d, -4*d - a - 4 = 0. What is the remainder when 101 is divided by d + 9 + (-4 - -8)?
10
Suppose -5*l = -2*l - 12, 4*l = -2*k + 74. Calculate the remainder when 490 is divided by k.
26
Let d(j) be the third derivative of j**5/60 - 5*j**4/12 + 10*j**3/3 + 11*j**2. Calculate the remainder when 15 is divided by d(8).
3
Let v = 53 + -21. Suppose -57 = -5*s + 4*r, -s + 17 = -5*r - 7. Calculate the remainder when v is divided by s.
5
Let f(x) = -x**3 - 7*x**2 + 2*x + 53. What is the remainder when 192 is divided by f(-7)?
36
Let z = -13 + 20. Suppose 3*p + 5*k - 35 = z, -2*p = -5*k - 53. Calculate the remainder when p is divided by 11.
8
Let p(g) = 2*g**2 - 13*g - 17. Let h be p(7). Calculate the remainder when 95/2 + (65/h - -6) is divided by 13.
8
Let k = 13 + 111. Suppose s + 4*s = -p + k, 4*p = -5*s + 136. Calculate the remainder when s is divided by 1/1*10/2.
4
Let w = -175 + 182. Suppose -2*h + 27 = -5*h. Let d = w - h. What is the remainder when 29 is divided by d?
13
Suppose 